{"id":336,"date":"2023-06-23T11:13:54","date_gmt":"2023-06-23T14:13:54","guid":{"rendered":"https:\/\/fup365.com.br\/site\/?page_id=336"},"modified":"2023-08-10T15:30:06","modified_gmt":"2023-08-10T18:30:06","slug":"home","status":"publish","type":"page","link":"https:\/\/fup365.com.br\/site\/","title":{"rendered":"Home"},"content":{"rendered":"\n\n\t\t\t\t<img loading=\"lazy\" decoding=\"async\" src=\"https:\/\/fup365.com.br\/site\/wp-content\/uploads\/2023\/06\/logo.jpg\" alt=\"logo\" itemprop=\"image\" height=\"80\" width=\"250\" title=\"logo\" onerror=\"this.style.display='none'\"  \/>\n\t\t\t\t<img loading=\"lazy\" decoding=\"async\" src=\"https:\/\/fup365.com.br\/site\/wp-content\/uploads\/2023\/06\/ico01.jpg\" alt=\"ico01\" itemprop=\"image\" height=\"278\" width=\"306\" title=\"ico01\" onerror=\"this.style.display='none'\"  \/>\n<h4>\n\t\tDASHBOARDS DE PERFORMANCE\n\t<\/h4>\n\t\t\t\t<img loading=\"lazy\" decoding=\"async\" src=\"https:\/\/fup365.com.br\/site\/wp-content\/uploads\/2023\/06\/ico02.jpg\" alt=\"ico02\" itemprop=\"image\" height=\"278\" width=\"306\" title=\"ico02\" onerror=\"this.style.display='none'\"  \/>\n<h4>\n\t\tNOTIFICA\u00c7\u00d5ES <br \/>DE STATUS\n\t<\/h4>\n\t\t\t\t<img loading=\"lazy\" decoding=\"async\" src=\"https:\/\/fup365.com.br\/site\/wp-content\/uploads\/2023\/06\/ico03.jpg\" alt=\"ico03\" itemprop=\"image\" height=\"278\" width=\"306\" title=\"ico03\" onerror=\"this.style.display='none'\"  \/>\n<h4>\n\t\tTUDO EM UMA <br \/>\u00daNICA PLATAFORMA\n\t<\/h4>\n\t<p>Acompanhe graficamente os percentuais deefici\u00eancia de cada item e a performance de seus fornecedores.<\/p>\n\t<p>Receba notifica\u00e7\u00f5es em tempo real sempre que os status forem alterados ou atualizados, permitindo a\u00e7\u00f5es preventivas.<\/p>\n\t<p>Monitore e gerencie a efici\u00eancia de seus fornecedores atrav\u00e9s de uma \u00fanica plataforma.<\/p>\n<h2>\n\t\tSolu\u00e7\u00f5es FUP365:\n\t<\/h2>\n\t\t\t\t<img loading=\"lazy\" decoding=\"async\" src=\"https:\/\/fup365.com.br\/site\/wp-content\/uploads\/2023\/06\/ico04.jpg\" alt=\"ico04\" itemprop=\"image\" height=\"201\" width=\"211\" title=\"ico04\" onerror=\"this.style.display='none'\"  \/>\n\tIntegra\u00e7\u00e3o<br \/>\ndos pedidos.\n\t\t\t\t<img loading=\"lazy\" decoding=\"async\" src=\"https:\/\/fup365.com.br\/site\/wp-content\/uploads\/2023\/06\/ico04.jpg\" alt=\"ico04\" itemprop=\"image\" height=\"201\" width=\"211\" title=\"ico04\" onerror=\"this.style.display='none'\"  \/>\n\tNotifica\u00e7\u00f5es<br \/>\nao fornecedores<br \/>\ne compradores\n\t\t\t\t<img loading=\"lazy\" decoding=\"async\" src=\"https:\/\/fup365.com.br\/site\/wp-content\/uploads\/2023\/06\/ico04.jpg\" alt=\"ico04\" itemprop=\"image\" height=\"201\" width=\"211\" title=\"ico04\" onerror=\"this.style.display='none'\"  \/>\n\tDefini\u00e7\u00e3o de<br \/>\nprioridades e<br \/>\nleadtimes.\n\t\t\t\t<img loading=\"lazy\" decoding=\"async\" src=\"https:\/\/fup365.com.br\/site\/wp-content\/uploads\/2023\/06\/ico04.jpg\" alt=\"ico04\" itemprop=\"image\" height=\"201\" width=\"211\" title=\"ico04\" onerror=\"this.style.display='none'\"  \/>\n\tRecebimento de<br \/>\nNFS via API.\n\t\t\t\t<img loading=\"lazy\" decoding=\"async\" src=\"https:\/\/fup365.com.br\/site\/wp-content\/uploads\/2023\/06\/ico04.jpg\" alt=\"ico04\" itemprop=\"image\" height=\"201\" width=\"211\" title=\"ico04\" onerror=\"this.style.display='none'\"  \/>\n\tGest\u00e3o de entregas<br \/>\nprogramadas<br \/>\npor itens.\n\t\t\t\t<img loading=\"lazy\" decoding=\"async\" src=\"https:\/\/fup365.com.br\/site\/wp-content\/uploads\/2023\/06\/ico04.jpg\" alt=\"ico04\" itemprop=\"image\" height=\"201\" width=\"211\" title=\"ico04\" onerror=\"this.style.display='none'\"  \/>\n\t<p>KPIs de performance &amp; resultados.<\/p>\n\t\t\t\t<img loading=\"lazy\" decoding=\"async\" src=\"https:\/\/fup365.com.br\/site\/wp-content\/uploads\/2023\/06\/ico04.jpg\" alt=\"ico04\" itemprop=\"image\" height=\"201\" width=\"211\" title=\"ico04\" onerror=\"this.style.display='none'\"  \/>\n\tAutonomia<br \/>\nde usu\u00e1rios.\n\t\t\t\t<img loading=\"lazy\" decoding=\"async\" src=\"https:\/\/fup365.com.br\/site\/wp-content\/uploads\/2023\/06\/ico04.jpg\" alt=\"ico04\" itemprop=\"image\" height=\"201\" width=\"211\" title=\"ico04\" onerror=\"this.style.display='none'\"  \/>\n\tReputa\u00e7\u00e3o e<br \/>\nclassifica\u00e7\u00e3o de<br \/>\nfornecedores.\n<h2>\n\t\tComo Funciona?\n\t<\/h2>\n\t\t\t\t<img loading=\"lazy\" decoding=\"async\" src=\"https:\/\/fup365.com.br\/site\/wp-content\/uploads\/2023\/06\/banner4.jpg\" alt=\"banner4\" itemprop=\"image\" height=\"641\" width=\"1000\" title=\"banner4\" onerror=\"this.style.display='none'\"  \/>\n<h2>\n\t\tMantenha-se informado sobre seus<br \/>pedidos de compra do in\u00edcio ao fim.\n\t<\/h2>\n<h2>\n\t\tUma forma eficiente e<br \/>econ\u00f4mica de gerenciar<br \/>tarefas e processos\n\t<\/h2>\n\t<p>O FUP365 \u00a0permite a automa\u00e7\u00e3o de muitas das etapas envolvidas e reduz a necessidade de armazenamento de documentos em papel. Al\u00e9m disso, uma solu\u00e7\u00e3o 100% online tamb\u00e9m pode ser mais segura e confi\u00e1vel do que uma solu\u00e7\u00e3o baseada em v\u00e1rias planilhas, muitas trocas de e-mail e mensagens que se perdem, pois os dados s\u00e3o armazenados eletronicamente e podem ser acessados de qualquer lugar com conex\u00e3o \u00e0 internet.<\/p>\n<p>A Centraliza\u00e7\u00e3o de informa\u00e7\u00f5es re\u00fane todos os dados e informa\u00e7\u00f5es relevantes em um \u00fanico lugar.<\/p>\n<p>Permite que as informa\u00e7\u00f5es sejam facilmente acess\u00edveis e gerenci\u00e1veis, o que pode aumentar a efici\u00eancia e a produtividade na sua organiza\u00e7\u00e3o.<\/p>\n<p>Centralizar as informa\u00e7\u00f5es ajuda a evitar problemas como a duplica\u00e7\u00e3o de dados ou a perda de informa\u00e7\u00f5es importantes, pois todas as informa\u00e7\u00f5es ficam armazenadas em um \u00fanico local.<\/p>\n\t\t\t<a href=\"https:\/\/api.whatsapp.com\/send\/?phone=5516997574050&#038;text&#038;type=phone_number&#038;app_absent=0\" target=\"_blank\" rel=\"noopener\">\n\t\t\t\t\t\t\tSAIBA MAIS\n\t\t\t\t\t<\/a>\n\t\t\t\t<img loading=\"lazy\" decoding=\"async\" src=\"https:\/\/fup365.com.br\/site\/wp-content\/uploads\/2023\/06\/banner7.jpg\" alt=\"banner7\" itemprop=\"image\" height=\"700\" width=\"442\" title=\"banner7\" onerror=\"this.style.display='none'\"  \/>\n<h2>\n\t\tDo\n\t<\/h2>\n<h2>\n\t\tseu\n\t<\/h2>\n<h2>\n\t\tjeito\n\t<\/h2>\n\tPersonalize o <strong>FUP365<\/strong><br \/>\nconforme as estrat\u00e9gias<br \/>\nde sua empresa.\n\t\t\t\t<img loading=\"lazy\" decoding=\"async\" src=\"https:\/\/fup365.com.br\/site\/wp-content\/uploads\/2023\/06\/ico001.jpg\" alt=\"ico001\" itemprop=\"image\" height=\"552\" width=\"640\" title=\"ico001\" onerror=\"this.style.display='none'\"  \/>\n<h3>Filtragem <br \/>de pedidos<\/h3>\t\t\n\t\t\t\t<img loading=\"lazy\" decoding=\"async\" src=\"https:\/\/fup365.com.br\/site\/wp-content\/uploads\/2023\/06\/ico002.jpg\" alt=\"ico002\" itemprop=\"image\" height=\"552\" width=\"640\" title=\"ico002\" onerror=\"this.style.display='none'\"  \/>\n<h3>Defina<br \/> prioridades<\/h3>\t\t\n\t\t\t\t<img loading=\"lazy\" decoding=\"async\" src=\"https:\/\/fup365.com.br\/site\/wp-content\/uploads\/2023\/06\/ico003.jpg\" alt=\"ico003\" itemprop=\"image\" height=\"552\" width=\"640\" title=\"ico003\" onerror=\"this.style.display='none'\"  \/>\n<h3>Indique os<br \/>LeadTimes<\/h3>\t\t\n\t\t\t\t<img loading=\"lazy\" decoding=\"async\" src=\"https:\/\/fup365.com.br\/site\/wp-content\/uploads\/2023\/06\/ico004.jpg\" alt=\"ico004\" itemprop=\"image\" height=\"552\" width=\"640\" title=\"ico004\" onerror=\"this.style.display='none'\"  \/>\n<h3>Personalize<br \/>os alertas<\/h3>\t\t\n<h2>\n\t\tVeja o que dizem os usu\u00e1rios do FUP365:\n\t<\/h2>\n\t\t\t<blockquote><p><em>&#8220;O FUP 365, follow-up digital, faz com que as tarefas se tornem mais leves no dia a dia dos compradores e requisitantes, podendo acessar as informa\u00e7\u00f5es com poucos cliques, obtendo precis\u00e3o no perfil de seu fornecedor com dados comprobat\u00f3rios&#8221;.<br \/><br \/><\/em><strong>Breno Paiva<\/strong><br \/><em>Assistente de Compras<\/em><\/p><\/blockquote>\t\t\n\t\t\t<blockquote><p><em>&#8220;Plataforma de f\u00e1cil entendimento e preenchimento bem intuitivo e objetivo. Layout de informa\u00e7\u00f5es organizada. Todas as informa\u00e7\u00f5es referentes a pedidos, itens e locais de entrega em um \u00fanico lugar, facilitando o input \u00fanico de informa\u00e7\u00f5es. No geral, a plataforma \u00e9 muito excelente e facilita muito em nosso dia a dia para o input de informa\u00e7\u00f5es&#8221;.<\/em>\u00a0<strong>Bruno D&#8217;adriny Vieira Costa<\/strong> <br \/><em>Full Commercial Analyst<\/em><br \/><em>Wasion Group Limited<\/em><\/p><\/blockquote>\t\t\n\t\t\t<blockquote><p><em>&#8220;O portal \u00e9 bem eficiente e claro, onde \u00e9 f\u00e1cil o envio e recebimento de informa\u00e7\u00f5es. Uma plataforma que ajuda muito no desempenho do fornecedor e abastecimento de informa\u00e7\u00f5es. Realmente gosto muito tanto da plataforma com o atendimento da empresa&#8221;.<\/em>\u00a0<strong>Arielle Lopes Prenc<\/strong><br \/><em>Analista Comercial<\/em><\/p><\/blockquote>\t\t\n<h2>\n\t\tFale Conosco\n\t<\/h2>\n<h2>\n\t\tOnde Estamos\n\t<\/h2>\n\tAv. Marginal Jo\u00e3o Ol\u00e9zio Marques, 3563<br \/>\nSert\u00e3ozinho\/SP &#8211; CEP: 14176-003\n\t<iframe src=\"https:\/\/www.google.com\/maps\/embed\/v1\/place?q=Av.+Marginal+Jo%C3%A3o+Ol%C3%A9zio+Marques%2C+3563%0ASert%C3%A3ozinho%2FSP+-+CEP%3A+14176-003&#038;key=AIzaSyD09zQ9PNDNNy9TadMuzRV_UsPUoWKntt8\" aria-hidden=\"true\"><\/iframe>\n\t<p>\u00a9 2023 FUP365 &#8211; O Follow-up Online<\/p>\n\n","protected":false},"excerpt":{"rendered":"<p>DASHBOARDS DE PERFORMANCE NOTIFICA\u00c7\u00d5ES DE STATUS TUDO EM UMA \u00daNICA PLATAFORMA Acompanhe graficamente os percentuais deefici\u00eancia de cada item e a performance de seus fornecedores. Receba notifica\u00e7\u00f5es em tempo real sempre que os status forem alterados ou atualizados, permitindo a\u00e7\u00f5es preventivas. Monitore e gerencie a efici\u00eancia de seus fornecedores atrav\u00e9s de uma \u00fanica plataforma. Solu\u00e7\u00f5es&hellip;<\/p>\n","protected":false},"author":1,"featured_media":0,"parent":0,"menu_order":0,"comment_status":"closed","ping_status":"closed","template":"tpl-no-header-footer.php","meta":{"footnotes":""},"class_list":["post-336","page","type-page","status-publish","hentry"],"yoast_head":"<!-- This site is optimized with the Yoast SEO plugin v20.10 - https:\/\/yoast.com\/wordpress\/plugins\/seo\/ -->\n<title>Home - FUP365<\/title>\n<meta name=\"robots\" content=\"index, follow, max-snippet:-1, max-image-preview:large, max-video-preview:-1\" \/>\n<link rel=\"canonical\" href=\"https:\/\/fup365.com.br\/site\/\" \/>\n<meta property=\"og:locale\" content=\"pt_BR\" \/>\n<meta property=\"og:type\" content=\"article\" \/>\n<meta property=\"og:title\" content=\"Home - FUP365\" \/>\n<meta property=\"og:description\" content=\"DASHBOARDS DE PERFORMANCE NOTIFICA\u00c7\u00d5ES DE STATUS TUDO EM UMA \u00daNICA PLATAFORMA Acompanhe graficamente os percentuais deefici\u00eancia de cada item e a performance de seus fornecedores. Receba notifica\u00e7\u00f5es em tempo real sempre que os status forem alterados ou atualizados, permitindo a\u00e7\u00f5es preventivas. Monitore e gerencie a efici\u00eancia de seus fornecedores atrav\u00e9s de uma \u00fanica plataforma. Solu\u00e7\u00f5es&hellip;\" \/>\n<meta property=\"og:url\" content=\"https:\/\/fup365.com.br\/site\/\" \/>\n<meta property=\"og:site_name\" content=\"FUP365\" \/>\n<meta property=\"article:modified_time\" content=\"2023-08-10T18:30:06+00:00\" \/>\n<meta property=\"og:image\" content=\"https:\/\/fup365.com.br\/site\/wp-content\/uploads\/2023\/06\/logo.jpg\" \/>\n<meta name=\"twitter:card\" content=\"summary_large_image\" \/>\n<script type=\"application\/ld+json\" class=\"yoast-schema-graph\">{\"@context\":\"https:\/\/schema.org\",\"@graph\":[{\"@type\":\"WebPage\",\"@id\":\"https:\/\/fup365.com.br\/site\/\",\"url\":\"https:\/\/fup365.com.br\/site\/\",\"name\":\"Home - FUP365\",\"isPartOf\":{\"@id\":\"https:\/\/fup365.com.br\/site\/#website\"},\"datePublished\":\"2023-06-23T14:13:54+00:00\",\"dateModified\":\"2023-08-10T18:30:06+00:00\",\"breadcrumb\":{\"@id\":\"https:\/\/fup365.com.br\/site\/#breadcrumb\"},\"inLanguage\":\"pt-BR\",\"potentialAction\":[{\"@type\":\"ReadAction\",\"target\":[\"https:\/\/fup365.com.br\/site\/\"]}]},{\"@type\":\"BreadcrumbList\",\"@id\":\"https:\/\/fup365.com.br\/site\/#breadcrumb\",\"itemListElement\":[{\"@type\":\"ListItem\",\"position\":1,\"name\":\"In\u00edcio\",\"item\":\"https:\/\/fup365.com.br\/site\/\"},{\"@type\":\"ListItem\",\"position\":2,\"name\":\"Home\"}]},{\"@type\":\"WebSite\",\"@id\":\"https:\/\/fup365.com.br\/site\/#website\",\"url\":\"https:\/\/fup365.com.br\/site\/\",\"name\":\"FUP365\",\"description\":\"O FOLLOW-UP ONLINE\",\"potentialAction\":[{\"@type\":\"SearchAction\",\"target\":{\"@type\":\"EntryPoint\",\"urlTemplate\":\"https:\/\/fup365.com.br\/site\/?s={search_term_string}\"},\"query-input\":\"required name=search_term_string\"}],\"inLanguage\":\"pt-BR\"}]}<\/script>\n<!-- \/ Yoast SEO plugin. -->","yoast_head_json":{"title":"Home - FUP365","robots":{"index":"index","follow":"follow","max-snippet":"max-snippet:-1","max-image-preview":"max-image-preview:large","max-video-preview":"max-video-preview:-1"},"canonical":"https:\/\/fup365.com.br\/site\/","og_locale":"pt_BR","og_type":"article","og_title":"Home - FUP365","og_description":"DASHBOARDS DE PERFORMANCE NOTIFICA\u00c7\u00d5ES DE STATUS TUDO EM UMA \u00daNICA PLATAFORMA Acompanhe graficamente os percentuais deefici\u00eancia de cada item e a performance de seus fornecedores. Receba notifica\u00e7\u00f5es em tempo real sempre que os status forem alterados ou atualizados, permitindo a\u00e7\u00f5es preventivas. Monitore e gerencie a efici\u00eancia de seus fornecedores atrav\u00e9s de uma \u00fanica plataforma. Solu\u00e7\u00f5es&hellip;","og_url":"https:\/\/fup365.com.br\/site\/","og_site_name":"FUP365","article_modified_time":"2023-08-10T18:30:06+00:00","og_image":[{"url":"https:\/\/fup365.com.br\/site\/wp-content\/uploads\/2023\/06\/logo.jpg"}],"twitter_card":"summary_large_image","schema":{"@context":"https:\/\/schema.org","@graph":[{"@type":"WebPage","@id":"https:\/\/fup365.com.br\/site\/","url":"https:\/\/fup365.com.br\/site\/","name":"Home - FUP365","isPartOf":{"@id":"https:\/\/fup365.com.br\/site\/#website"},"datePublished":"2023-06-23T14:13:54+00:00","dateModified":"2023-08-10T18:30:06+00:00","breadcrumb":{"@id":"https:\/\/fup365.com.br\/site\/#breadcrumb"},"inLanguage":"pt-BR","potentialAction":[{"@type":"ReadAction","target":["https:\/\/fup365.com.br\/site\/"]}]},{"@type":"BreadcrumbList","@id":"https:\/\/fup365.com.br\/site\/#breadcrumb","itemListElement":[{"@type":"ListItem","position":1,"name":"In\u00edcio","item":"https:\/\/fup365.com.br\/site\/"},{"@type":"ListItem","position":2,"name":"Home"}]},{"@type":"WebSite","@id":"https:\/\/fup365.com.br\/site\/#website","url":"https:\/\/fup365.com.br\/site\/","name":"FUP365","description":"O FOLLOW-UP ONLINE","potentialAction":[{"@type":"SearchAction","target":{"@type":"EntryPoint","urlTemplate":"https:\/\/fup365.com.br\/site\/?s={search_term_string}"},"query-input":"required name=search_term_string"}],"inLanguage":"pt-BR"}]}},"_links":{"self":[{"href":"https:\/\/fup365.com.br\/site\/wp-json\/wp\/v2\/pages\/336","targetHints":{"allow":["GET"]}}],"collection":[{"href":"https:\/\/fup365.com.br\/site\/wp-json\/wp\/v2\/pages"}],"about":[{"href":"https:\/\/fup365.com.br\/site\/wp-json\/wp\/v2\/types\/page"}],"author":[{"embeddable":true,"href":"https:\/\/fup365.com.br\/site\/wp-json\/wp\/v2\/users\/1"}],"replies":[{"embeddable":true,"href":"https:\/\/fup365.com.br\/site\/wp-json\/wp\/v2\/comments?post=336"}],"version-history":[{"count":42,"href":"https:\/\/fup365.com.br\/site\/wp-json\/wp\/v2\/pages\/336\/revisions"}],"predecessor-version":[{"id":415,"href":"https:\/\/fup365.com.br\/site\/wp-json\/wp\/v2\/pages\/336\/revisions\/415"}],"wp:attachment":[{"href":"https:\/\/fup365.com.br\/site\/wp-json\/wp\/v2\/media?parent=336"}],"curies":[{"name":"wp","href":"https:\/\/api.w.org\/{rel}","templated":true}]}}